divided by 12.
10
What is the remainder when 81 is divided by 105/12*(-24)/(-10)?
18
Let v(n) = -n**2 - 8*n - 5. Let o be v(-7). Suppose -o - 148 = 5*z. What is the remainder when (-10)/z - 128/(-3) is divided by 11?
10
Let i be -1 + 9/3 + -1. Suppose 0 = 5*m - 25, -v + 0*v - 2*m = -26. What is the remainder when v is divided by 2 + (i - (-2)/1)?
1
Let c be ((7 + 1)*1)/(-1)*-1. Suppose -27 = -s + 2*d + d, -2*d - c = 0. Calculate the remainder when 29 is divided by s.
14
Let a = -94 - -94. Suppose a*n - 16 = -4*n. What is the remainder when 47 is divided by n?
3
Suppose -56 = -4*d + 60. Suppose -3*s + 0*k = -4*k - 418, -4*k = s - 150. Calculate the remainder when s is divided by d.
26
Let q = 945 + -852. What is the remainder when 1952 is divided by q?
92
Let s(h) = h**3 + 6*h**2 + 12*h + 66. Suppose -4*v = -63 - 233. Calculate the remainder when v is divided by s(-5).
12
Let j be 5 + -2 - 210/7. Let p = j - -37. Calculate the remainder when 59 is divided by p.
9
Suppose 3*b = 2*d + 6, 8 = -2*d - 0*b + 4*b. Suppose -j = -3*w - 25, d = -j + 4*j - w - 115. What is the remainder when j is divided by 14?
12
What is the remainder when (-27)/(-18) - ((-355)/2)/5 is divided by 13?
11
Suppose 0 = -w - 2*x + 31, -w - 4*x + 5 + 24 = 0. Suppose 264 - 840 = -32*f. What is the remainder when w is divided by f?
15
Let n(c) = 6*c**2 - 2*c - 8. Calculate the remainder when n(5) is divided by 15.
12
Suppose -5*m - 3*g + 112 = -g, 19 = m - 3*g. Suppose -3*c = 2*c - 320. Calculate the remainder when c is divided by m.
20
Let z(n) = 1 - 3*n + 3*n**3 + 2*n**2 - 2*n**3 + 0*n + n**2. Let v(g) = 2*g + 8. Let o be v(-3). Calculate the remainder when 58 is divided by z(o).
13
Let y(p) = -p - 1. Suppose -3*r - 4 = -2*r. Let b be y(r). Calculate the remainder when 4 is divided by b - 0*(-1 - -2).
1
Let c = 52 + 58. What is the remainder when c is divided by 39?
32
Let p(b) = -b**2 - 10*b - 9. Suppose -v + 2 = 0, 3*v - 76 = -4*s + 5*v. What is the remainder when s is divided by p(-7)?
8
Suppose -20*n + 17*n = 3. Calculate the remainder when (-2)/(2*(-1)/31) is divided by (n - -52)*(-6 + (-76)/(-12)).
14
Suppose 0 = -2*f + 4, f + 132 = 4*i + 5*f. Suppose 0 = q - 5, q + 66 = 3*z + 17. Calculate the remainder when i is divided by z.
13
Suppose -5*u - 1 = 29. Let o be (27/u)/((-3)/8). Let m = o - -21. Calculate the remainder when m is divided by 9.
6
Calculate the remainder when 8/36 + 619/9 is divided by 56.
13
Let y = -95 + 127. What is the remainder when y is divided by 10?
2
Let x(b) be the second derivative of -b**5/20 + 5*b**4/12 - 2*b**3/3 + b**2 - 25*b. Calculate the remainder when 17 is divided by x(2).
5
Suppose 194 = 40*t - 446. Let m = 0 - 9. What is the remainder when 1/(-3) - 561/m is divided by t?
14
Let r = -464 + 490. Calculate the remainder when 26 is divided by r.
0
Suppose 4*c - 79 = 73. Let t = -35 + c. Calculate the remainder when 34/4 + (-1)/2 is divided by t.
2
Suppose 2*t - 113 = -p, -t = -4*t - 9. What is the remainder when p is divided by ((-24)/10)/(((-5)/1)/50)?
23
Let y = 121 + 13. Let p = -83 + y. What is the remainder when p is divided by 8?
3
What is the remainder when (-62)/(3 - 5)*2 is divided by (4/(-8))/((-2)/52)?
10
Calculate the remainder when ((-11)/44)/((-2)/56) is divided by 4.
3
Suppose -4*t + 12 = 8*t. Suppose t = -u + 19. What is the remainder when 53 is divided by u?
17
Suppose 4*k + 3*n = k + 519, 0 = 3*k + 4*n - 524. Calculate the remainder when k is divided by 19.
16
Let f = 630 + 719. What is the remainder when f is divided by 30?
29
Let r(y) = y**3 + y**2 - y + 12. Let i(a) = -35*a**3 - 4*a**2 + 6. Let t be i(-2). Let j = -212 + t. What is the remainder when j is divided by r(0)?
10
Let y be ((-2)/3)/(4/(-24)). Let r(z) = 2*z**2 - 3*z + 6. What is the remainder when r(y) is divided by 14?
12
Suppose p + 8*p - 3042 = 0. Calculate the remainder when p is divided by 20.
18
Let n be ((-1)/3)/(3/9). Calculate the remainder when (-10)/(-4)*(11 + n) is divided by (208/(-144))/((-2)/18).
12
Let h be (1 + -4)/((-265)/(-134) + -2). Let a = 228 - h. What is the remainder when a is divided by 24?
22
Let a(h) = -h**3 - h**2 + 10*h - 13. Let o = 78 + -68. Calculate the remainder when a(-6) is divided by o.
7
Let j(f) = 20*f - 16. Calculate the remainder when j(9) is divided by 55.
54
Let o(h) = h**3 + 14*h**2 + 10*h - 17. Let j(z) = z**3 + 6*z**2 - 2. Let n be j(-5). Suppose 3 = -2*g - n. What is the remainder when 63 is divided by o(g)?
19
Let i = -54 + 161. Let h = 162 - i. What is the remainder when h is divided by 29?
26
Let p = 195 + -120. Calculate the remainder when 19 is divided by (-1)/3 + p/9.
3
Suppose 0 = z - 23 - 9. Let y(u) = -8*u**2 - 5*u - 4. Let f be y(-2). Let v = 37 + f. What is the remainder when z is divided by v?
10
Let b = 128 - 58. Let y(u) = u + u - 6 + 3*u. Calculate the remainder when b is divided by y(6).
22
Let r = 57 - 46. Let g = 32 - r. What is the remainder when 62 is divided by g?
20
What is the remainder when 213 is divided by 2/(-21) + (-1337)/(-147)?
6
Suppose f = 4*x + 423, -f + 7*x + 431 = 5*x. Calculate the remainder when f is divided by 63.
61
Suppose -290*a + 6742 = -9788. Calculate the remainder when a is divided by (-1 - (1 + 0)) + 12.
7
Suppose -16*f - 242 + 834 = 0. Calculate the remainder when 98 is divided by f.
24
Calculate the remainder when 384 is divided by 912/20 - 5 - 8/(-20).
15
Let r(w) = 7*w + 99. What is the remainder when 177 is divided by r(-9)?
33
Suppose 2*v - 5*g + 100 = -2*v, -2*v - g = 64. Let q = v + 97. What is the remainder when q is divided by 21?
4
Suppose -2*k + 20 = -6*k, -k - 31 = -2*a. Let f be (-48)/5 + (-4)/10. Let u = a + f. What is the remainder when u is divided by 1?
0
Let r = -650 - -666. What is the remainder when r is divided by 5?
1
Let k = 2 - -1. Suppose -58 = -k*i - 5*f + 26, f = i - 28. What is the remainder when (-1016)/(-28) + (-8)/i is divided by 13?
10
Let v(z) = -5*z**3 - 3*z**2 - 5*z - 6. What is the remainder when 44 is divided by v(-2)?
12
Let y = 376 - 363. What is the remainder when 24 is divided by y?
11
Let u = 12 - 9. Suppose u*o - 2*w + 82 = 7*o, -w + 77 = 4*o. Suppose -o = 4*b - 5*b. What is the remainder when b is divided by 10?
8
Suppose -112*y + 110*y = -2*c + 18, -y = -5*c + 41. What is the remainder when (-72)/(-4) + 3 + -1 is divided by c?
4
Let a = 46 - 32. Let u = a - -75. Let z = 160 + -137. What is the remainder when u is divided by z?
20
Let m(o) = o**2 + 2*o - 1. Let t be m(-4). Let p(h) = h**2 - 5*h - 2. Calculate the remainder when p(t) is divided by 7.
5
Let c = -1959 + 2112. Suppose -3*f = -4*s + 159, 0 = s - 5*s - 5*f + 151. What is the remainder when c is divided by s?
36
Let k = -34 - -30. Let j be (-24)/40*(-1 + k). Suppose 2*v = -5*c + 7*v + 75, -j*c + 55 = 2*v. What is the remainder when 50 is divided by c?
16
What is the remainder when 92 is divided by 21/(-3)*31/(-7)?
30
Suppose p - 5*n - 156 = 0, -8*p + 3*p + 696 = -4*n. Calculate the remainder when p is divided by 28.
24
Let t(s) = s + 2. Let u be t(0). Suppose 0 = -p + 4*w + 78, p - 99 = -u*w - w. Let m = -112 - -135. Calculate the remainder when p is divided by m.
21
Let n(h) be the second derivative of -11*h**3/6 + 17*h**2/2 - 9*h. Calculate the remainder when n(-5) is divided by 37.
35
Let a(d) = 2*d**2 - 8*d + 14. Let y be a(2). Let u(z) = 7 - 4*z**3 + 4*z**3 + 5*z - 6*z**2 + z**3 - 15. Calculate the remainder when u(y) is divided by 6.
4
Suppose -2*b = 4*j - 556, -3*b + 7*b - 4*j = 1064. Suppose -3*p - 2*p + 238 = 3*m, -3*m + b = -3*p. Calculate the remainder when m is divided by 22.
20
Let d(v) = -v**3 - 7*v**2 + v + 28. Calculate the remainder when 36 is divided by d(-7).
15
Suppose -2*m - 30 = -5*m. What is the remainder when (63 + -2)/1 - 1 is divided by ((-5)/m + 0)*-32?
12
Let f = 102 + -68. Let p(y) = 3*y - 14. Let h be p(6). What is the remainder when (h + f - -1) + -3 is divided by 19?
17
Let v(k) = 3*k**2 + 10*k + 19. Let i be v(-3). Suppose -5*x = 3*f - i - 167, -x + 59 = -5*f. What is the remainder when 76 is divided by x?
37
Let g = 16 - 7. Let n = g + -17. Let k = 26 + n. Calculate the remainder when 53 is divided by k.
17
Let s(o) be the third derivative of -o**4/4 - o**3/2 - o**2. Suppose -5*t - 25 = -0*t - i, 0 = -i + 5. What is the rem